te the remainder when 22 is divided by 13.
9
What is the remainder when 339 is divided by 25?
14
What is the remainder when 436 is divided by 21?
16
What is the remainder when 41 is divided by 7?
6
What is the remainder when 45 is divided by 26?
19
What is the remainder when 4992 is divided by 238?
232
Calculate the remainder when 460 is divided by 222.
16
Calculate the remainder when 1528 is divided by 16.
8
Calculate the remainder when 1021 is divided by 73.
72
What is the remainder when 3932 is divided by 22?
16
Calculate the remainder when 213 is divided by 11.
4
What is the remainder when 116 is divided by 40?
36
What is the remainder when 720 is divided by 218?
66
What is the remainder when 316 is divided by 95?
31
What is the remainder when 271 is divided by 92?
87
What is the remainder when 730 is divided by 43?
42
Calculate the remainder when 43 is divided by 23.
20
Calculate the remainder when 272 is divided by 19.
6
What is the remainder when 206 is divided by 16?
14
What is the remainder when 957 is divided by 6?
3
What is the remainder when 432 is divided by 5?
2
Calculate the remainder when 206 is divided by 26.
24
Calculate the remainder when 2 is divided by 2.
0
Calculate the remainder when 10243 is divided by 15.
13
Calculate the remainder when 6011 is divided by 86.
77
Calculate the remainder when 303 is divided by 18.
15
What is the remainder when 682 is divided by 7?
3
What is the remainder when 193 is divided by 44?
17
What is the remainder when 2334 is divided by 39?
33
Calculate the remainder when 119 is divided by 57.
5
Calculate the remainder when 38 is divided by 5.
3
Calculate the remainder when 389 is divided by 162.
65
What is the remainder when 270 is divided by 11?
6
What is the remainder when 1129 is divided by 429?
271
What is the remainder when 32535 is divided by 196?
195
What is the remainder when 1110 is divided by 545?
20
What is the remainder when 2392 is divided by 34?
12
What is the remainder when 421 is divided by 46?
7
Calculate the remainder when 4709 is divided by 588.
5
What is the remainder when 3419 is divided by 36?
35
What is the remainder when 45 is divided by 13?
6
What is the remainder when 199 is divided by 100?
99
Calculate the remainder when 453 is divided by 63.
12
Calculate the remainder when 4992 is divided by 20.
12
What is the remainder when 73 is divided by 26?
21
What is the remainder when 1418 is divided by 71?
69
Calculate the remainder when 912 is divided by 18.
12
What is the remainder when 72 is divided by 65?
7
Calculate the remainder when 398 is divided by 31.
26
What is the remainder when 962 is divided by 133?
31
Calculate the remainder when 56 is divided by 16.
8
What is the remainder when 246 is divided by 9?
3
What is the remainder when 3533 is divided by 16?
13
What is the remainder when 358 is divided by 45?
43
What is the remainder when 119 is divided by 14?
7
What is the remainder when 2391 is divided by 596?
7
Calculate the remainder when 269 is divided by 68.
65
Calculate the remainder when 98 is divided by 11.
10
What is the remainder when 25 is divided by 14?
11
What is the remainder when 530 is divided by 59?
58
What is the remainder when 388 is divided by 181?
26
Calculate the remainder when 62 is divided by 9.
8
What is the remainder when 983 is divided by 52?
47
Calculate the remainder when 441 is divided by 13.
12
Calculate the remainder when 1465 is divided by 167.
129
Calculate the remainder when 1519 is divided by 95.
94
What is the remainder when 111 is divided by 30?
21
What is the remainder when 7 is divided by 6?
1
What is the remainder when 352 is divided by 44?
0
What is the remainder when 445 is divided by 139?
28
Calculate the remainder when 612 is divided by 321.
291
Calculate the remainder when 213 is divided by 72.
69
What is the remainder when 187 is divided by 38?
35
Calculate the remainder when 3505 is divided by 29.
25
What is the remainder when 635 is divided by 32?
27
What is the remainder when 1253 is divided by 299?
57
Calculate the remainder when 328 is divided by 55.
53
Calculate the remainder when 1973 is divided by 38.
35
Calculate the remainder when 112 is divided by 63.
49
What is the remainder when 1341 is divided by 193?
183
What is the remainder when 311 is divided by 63?
59
What is the remainder when 1930 is divided by 628?
46
Calculate the remainder when 50 is divided by 2.
0
Calculate the remainder when 1516 is divided by 19.
15
What is the remainder when 1278 is divided by 423?
9
What is the remainder when 1501 is divided by 572?
357
Calculate the remainder when 355 is divided by 15.
10
What is the remainder when 180 is divided by 57?
9
Calculate the remainder when 2457 is divided by 102.
9
Calculate the remainder when 506 is divided by 71.
9
Calculate the remainder when 92 is divided by 5.
2
What is the remainder when 39 is divided by 12?
3
What is the remainder when 81 is divided by 9?
0
Calculate the remainder when 1229 is divided by 4.
1
Calculate the remainder when 957 is divided by 310.
27
Calculate the remainder when 750 is divided by 110.
90
What is the remainder when 9259 is divided by 42?
19
Calculate the remainder when 9194 is divided by 44.
42
What is the remainder when 79 is divided by 41?
38
Calculate the remainder when 307 is divided by 22.
21
What is the remainder when 58 is divided by 15?
13
Calculate the remainder when 2757 is divided by 10.
7
Calculate the remainder when 3445 is divided by 230.
225
Calculate the remainder when 649 is divided by 211.
16
What is the remainder when 1297 is divided by 65?
62
Calculate the remainder when 10522 is divided by 11.
6
Calculate the remainder when 4357 is divided by 71.
26
Calculate the remainder when 68 is divided by 37.
31
What is the remainder when 89 is divided by 52?
37
What is the remainder when 1564 is divided by 465?
169
What is the remainder when 2546 is divided by 75?
71
What is the remainder when 456 is divided by 16?
8
What is the remainder when 7721 is divided by 209?
197
Calculate the remainder when 2573 is divided by 92.
89
Calculate the remainder when 4092 is divided by 105.
102
Calculate the remainder when 25940 is divided by 218.
216
Calculate the remainder when 101 is divided by 32.
5
Calculate the remainder when 115 is divided by 13.
11
What is the remainder when 277 is divided by 75?
52
What is the remainder when 932 is divided by 55?
52
What is the remainder when 60 is divided by 30?
0
Calculate the remainder when 397 is divided by 67.
62
Calculate the remainder when 366 is divided by 114.
24
Calculate the remainder when 183 is divided by 16.
7
Calculate the remainder when 7122 is divided by 57.
54
Calculate the remainder when 1975 is divided by 76.
75
What is the remainder when 202 is divided by 17?
15
What is the remainder when 862 is divided by 16?
14
What is the remainder when 153 is divided by 39?
36
Calculate the remainder when 1488 is divided by 13.
6
Calculate the remainder when 1359 is divided by 192.
15
Calculate the remainder when 803 is divided by 201.
200
Calculate the remainder when 345 is divided by 29.
26
Calculate the remainder when 2267 is divided by 12.
11
Calculate the remainder when 1905 is divided by 23.
19
What is the remainder when 115 is divided by 107?
8
What is the remainder when 6508 is divided by 53?
42
Calculate the remainder when 2327 is divided by 17.
15
Calculate the remainder when 370 is divided by 13.
6
What is the remainder when 986 is divided by 47?
46
Calculate the remainder when 130 is divided by 9.
4
Calculate the remainder when 1533 is divided by 493.
54
What is the remainder when 1626 is divided by 9?
6
Calculate the remainder when 104 is divided by 27.
23
What is the remainder when 10393 is divided by 92?
89
What is the remainder when 5570 is divided by 253?
4
Calculate the remainder when 760 is divided by 21.
4
What is the remainder when 103 is divided by 15?
13
What is the remainder when 247 is divided by 143?
104
Calculate the remainder when 99 is divided by 65.
34
Calculate the remainder when 670 is divided by 86.
68
Calculate the remainder when 49 is divided by 8.
1
Calculate the remainder when 524 is divided by 21.
20
What is the remainder when 187 is divided by 10?
7
What is the remainder 